757 composite?
False
Is 34978454201 prime?
True
Is 1604627567 a prime number?
True
Is 48124187 composite?
True
Is 2295493293 composite?
True
Is 1059489157 a composite number?
True
Is 2897320429 a composite number?
True
Is 3556975307 prime?
True
Is 3672729917 prime?
False
Is 922372511 composite?
False
Is 322701539 composite?
True
Is 1124195951 a prime number?
False
Is 1359907763 a composite number?
False
Is 519507917 prime?
False
Is 7567612837 prime?
True
Is 307687253 a composite number?
True
Is 2207320949 a prime number?
True
Is 32527539259 composite?
False
Is 13009358867 composite?
False
Is 159029009 a prime number?
False
Is 752629939 composite?
True
Is 140888579669 a composite number?
True
Is 284607627061 a prime number?
True
Is 1551758239 a composite number?
True
Is 121836499 prime?
True
Is 71174473241 a composite number?
True
Is 154642544887 a prime number?
False
Is 1298952293 composite?
False
Is 162820358887 prime?
False
Is 40540277 composite?
True
Is 280471271 a composite number?
False
Is 247021938289 a composite number?
True
Is 183585371141 a composite number?
False
Is 497644907 prime?
True
Is 816281371 a prime number?
True
Is 1249861303 composite?
False
Is 15534814349 composite?
False
Is 33952496035 prime?
False
Is 4615643771 composite?
False
Is 7659785785 a prime number?
False
Is 71894071285 prime?
False
Is 5946710821 a prime number?
True
Is 701471101 a prime number?
True
Is 392005181 composite?
False
Is 63847816631 a composite number?
False
Is 472055371 prime?
False
Is 4357392087 composite?
True
Is 21807330049 prime?
True
Is 8351136659 composite?
True
Is 8348665571 prime?
True
Is 16735802567 a composite number?
True
Is 13659802799 prime?
True
Is 12768651299 a composite number?
True
Is 22596298487 prime?
False
Is 16454716931 a composite number?
True
Is 4699495049 prime?
True
Is 2707244779 a prime number?
True
Is 1460071823 prime?
False
Is 147132735811 composite?
False
Is 80802759031 composite?
False
Is 1478458133 a composite number?
False
Is 11497505521 a prime number?
True
Is 1179437797 composite?
True
Is 194129609 a prime number?
False
Is 24931606361 prime?
False
Is 25116373978 a composite number?
True
Is 3364936787 a prime number?
False
Is 2254776299 prime?
False
Is 1413974701 a composite number?
False
Is 36442817501 a prime number?
False
Is 17403215803 composite?
False
Is 556457339 a composite number?
False
Is 2461325651 prime?
True
Is 821886761 a prime number?
False
Is 18492777247 a composite number?
True
Is 7759308239 composite?
False
Is 1366447517 composite?
False
Is 2047491833 composite?
False
Is 244117961 composite?
False
Is 15018153197 a prime number?
True
Is 186541786 prime?
False
Is 2402848711 a composite number?
True
Is 4494434254 composite?
True
Is 2754820591 a prime number?
False
Is 774641957 a composite number?
False
Is 8220089123 a composite number?
True
Is 43314831229 a composite number?
False
Is 122235767 a prime number?
False
Is 3950125001 a composite number?
True
Is 1908791635 composite?
True
Is 1389385661 prime?
True
Is 28017323491 composite?
True
Is 150703199927 prime?
False
Is 870017063 a prime number?
True
Is 676839133 a composite number?
False
Is 173829749 a prime number?
True
Is 6966082369 a prime number?
True
Is 3800221057 composite?
True
Is 6418500917 prime?
False
Is 6807896297 prime?
True
Is 500147705 a composite number?
True
Is 76371725849 a prime number?
True
Is 94265775403 a composite number?
False
Is 975323991 a composite number?
True
Is 24692011937 a composite number?
True
Is 13806362567 a prime number?
False
Is 5582513693 a prime number?
False
Is 617549263 a composite number?
False
Is 3229222447 a composite number?
True
Is 1390894649 composite?
False
Is 119723172701 a composite number?
True
Is 2141535269 a composite number?
True
Is 6095891167 a prime number?
False
Is 20360697187 composite?
False
Is 340216183 a composite number?
False
Is 592591169 prime?
False
Is 14575047311 prime?
False
Is 90020257 a prime number?
True
Is 837067393 a composite number?
False
Is 2633220901 composite?
False
Is 8307122219 a composite number?
True
Is 7906559961 a composite number?
True
Is 59790148657 a composite number?
False
Is 1909928591 prime?
False
Is 105029599 composite?
False
Is 521851896733 composite?
False
Is 56489919385 prime?
False
Is 15165018983 composite?
False
Is 3341927389 composite?
False
Is 201399931 a composite number?
False
Is 1247639369 prime?
True
Is 13355999089 composite?
True
Is 239356972903 composite?
False
Is 4214612351 a prime number?
False
Is 2283769289 a prime number?
False
Is 352151992337 a prime number?
True
Is 10597182963 composite?
True
Is 667242721 prime?
True
Is 4501982699 prime?
True
Is 2799012863 prime?
False
Is 1051572427 composite?
False
Is 1613594779 a prime number?
False
Is 1238222273 a composite number?
True
Is 419485277 prime?
True
Is 6174189559 prime?
True
Is 4714610891 prime?
False
Is 414829243 a composite number?
False
Is 1735265533 composite?
False
Is 20121367429 a composite number?
False
Is 1797999913 a composite number?
True
Is 17517795641 composite?
False
Is 13914042691 a composite number?
True
Is 19064806797 prime?
False
Is 2834186879 prime?
True
Is 9895229801 prime?
True
Is 22728534947 a prime number?
False
Is 718506473 a prime number?
False
Is 1003661457 composite?
True
Is 16899996469 prime?
False
Is 2747836167 a composite number?
True
Is 11221053817 composite?
False
Is 938648257 a prime number?
True
Is 18872532403 a prime number?
False
Is 14003497457 prime?
True
Is 1269175483 a composite number?
False
Is 5427434993 composite?
False
Is 1872774067 composite?
False
Is 8508864341 a composite number?
False
Is 904305806 a composite number?
True
Is 42357569062 composite?
True
Is 665748047 a prime number?
True
Is 93084726257 a prime number?
False
Is 220759193 prime?
True
Is 18043295471 a prime number?
True
Is 518701307 composite?
False
Is 21381281351 a composite number?
False
Is 1923390097 composite?
False
Is 268240234421 a prime number?
False
Is 29968102841 composite?
False
Is 228434777 composite?
True
Is 29884002341 prime?
False
Is 52101871469 composite?
False
Is 399557989 a prime number?
False
Is 279033551 composite?
False
Is 88222965127 a prime number?
False
Is 3557709719 a prime number?
True
Is 19803526801 a prime number?
False
Is 380637391 a prime number?
True
Is 19935283609 composite?
True
Is 306419207 prime?
False
Is 126750129149 a composite number?
True
Is 160320889 a prime number?
False
Is 201791543 composite?
True
Is 1147339621 composite?
False
Is 184669357 a composite number?
False
Is 815367373 composite?
False
Is 1852182109 a composite number?
False
Is 102421723753 composite?
False
Is 413584663 prime?
False
Is 1269099641 a prime number?
True
Is 1249177687 a prime number?
True
Is 1322389 prime?
True
Is 178559341 a composite number?
False
Is 4333301261 prime?
True
Is 4362880667 prime?
True
Is 382293599 prime?
True
Is 783068565803 a composite number?
False
Is 5214623683 a prime number?
False
Is 1400480777 a composite number?
False
Is 84756209 prime?
False
Is 121034361901 a prime number?
True
Is 43205138387 a composite number?
False
Is 38370317021 a prime number?
True
Is 204423991 composite?
True
Is 654876833 prime?
False
Is 141105331877 composite?
False
Is 10394281783 a prime number?
True
Is 17019575333 prime?
True
Is 360122809 a composite number?
True
Is 2038950499 a prime number?
False
Is 22429108997 prime?
False
Is 913449655 a prime number?
False
Is 13335845711 prime?
True
Is 13640230861 a composite number?
True
Is 2686797719 a prime number?
False
Is 20724222709 composite?
False
Is 692282249 prime?
True
Is 2618111791 a composite number?
True
Is 133527271 a composite number?
True
Is 469910677 a composite number?
True
Is 16923133831 a composite number?
True
Is 340154863 prime?
True
Is 45017017 composite?
False
Is 20569798961 prime?
False
Is 24995669 prime?
True
Is 15244903603 composite?
False
Is 20421104007 a composite number?
True
Is 1542463199 composite?
True
Is 43194729049 composite?
True
Is 185157273653 a composite number?
True
Is 2124740923 a composite number?
False
Is 302687451419 a composite number?
False
Is 24789958157 prime?
True
Is 3687773855 prime?
False
Is 16075381561 a composite number?
True
Is 1826422915 prime?
False
Is 9463136401 a composite numbe